3
What are the prime factors of 147?
3, 7
List the prime factors of 12308.
2, 17, 181
List the prime factors of 54.
2, 3
List the prime factors of 10173.
3, 3391
List the prime factors of 1223.
1223
List the prime factors of 79272.
2, 3, 367
List the prime factors of 1170.
2, 3, 5, 13
List the prime factors of 4455.
3, 5, 11
What are the prime factors of 51643?
43, 1201
What are the prime factors of 26966?
2, 97, 139
What are the prime factors of 12159?
3, 7, 193
List the prime factors of 17284.
2, 29, 149
What are the prime factors of 41156?
2, 10289
List the prime factors of 36699.
3, 13, 941
What are the prime factors of 8525?
5, 11, 31
List the prime factors of 111592.
2, 13, 29, 37
List the prime factors of 5268.
2, 3, 439
List the prime factors of 2140.
2, 5, 107
What are the prime factors of 6890?
2, 5, 13, 53
What are the prime factors of 2330?
2, 5, 233
What are the prime factors of 4111?
4111
What are the prime factors of 632?
2, 79
What are the prime factors of 6456?
2, 3, 269
List the prime factors of 48514.
2, 127, 191
List the prime factors of 97979.
7, 13997
List the prime factors of 81.
3
List the prime factors of 4117.
23, 179
What are the prime factors of 13171?
13171
List the prime factors of 94286.
2, 47143
List the prime factors of 13014.
2, 3, 241
List the prime factors of 20.
2, 5
What are the prime factors of 604?
2, 151
List the prime factors of 4165.
5, 7, 17
List the prime factors of 10848.
2, 3, 113
What are the prime factors of 99?
3, 11
List the prime factors of 383.
383
List the prime factors of 5257.
7, 751
List the prime factors of 69927.
3, 11, 13, 163
What are the prime factors of 996?
2, 3, 83
What are the prime factors of 1746?
2, 3, 97
List the prime factors of 32994.
2, 3, 13, 47
What are the prime factors of 135098?
2, 31, 2179
What are the prime factors of 17085?
3, 5, 17, 67
List the prime factors of 1266.
2, 3, 211
What are the prime factors of 10327?
23, 449
List the prime factors of 16171.
103, 157
What are the prime factors of 2306?
2, 1153
List the prime factors of 126.
2, 3, 7
What are the prime factors of 75823?
11, 61, 113
List the prime factors of 325.
5, 13
What are the prime factors of 301?
7, 43
What are the prime factors of 9821?
7, 23, 61
List the prime factors of 5155.
5, 1031
What are the prime factors of 27162?
2, 3, 503
What are the prime factors of 299?
13, 23
What are the prime factors of 19700?
2, 5, 197
List the prime factors of 467.
467
List the prime factors of 1378.
2, 13, 53
List the prime factors of 20811.
3, 7, 991
List the prime factors of 6118.
2, 7, 19, 23
List the prime factors of 3716.
2, 929
What are the prime factors of 32347?
7, 4621
List the prime factors of 34143.
3, 19, 599
List the prime factors of 3350.
2, 5, 67
What are the prime factors of 827?
827
List the prime factors of 13193.
79, 167
What are the prime factors of 7411?
7411
List the prime factors of 17297.
7, 353
What are the prime factors of 465?
3, 5, 31
What are the prime factors of 6967?
6967
What are the prime factors of 13166?
2, 29, 227
List the prime factors of 32.
2
List the prime factors of 22390.
2, 5, 2239
What are the prime factors of 100804?
2, 11, 29, 79
What are the prime factors of 1690?
2, 5, 13
What are the prime factors of 4539?
3, 17, 89
List the prime factors of 65142.
2, 3, 7, 11, 47
List the prime factors of 802.
2, 401
What are the prime factors of 2248?
2, 281
What are the prime factors of 1011?
3, 337
What are the prime factors of 88785?
3, 5, 1973
List the prime factors of 13046.
2, 11, 593
What are the prime factors of 69?
3, 23
List the prime factors of 5530.
2, 5, 7, 79
What are the prime factors of 15816?
2, 3, 659
List the prime factors of 13700.
2, 5, 137
List the prime factors of 22520.
2, 5, 563
What are the prime factors of 31?
31
List the prime factors of 1783.
1783
List the prime factors of 1526.
2, 7, 109
What are the prime factors of 2554?
2, 1277
What are the prime factors of 6124?
2, 1531
List the prime factors of 33774.
2, 3, 13, 433
What are the prime factors of 19591?
11, 13, 137
What are the prime factors of 7772?
2, 29, 67
What are the prime factors of 36162?
2, 3, 7, 41
What are the prime factors of 4057?
4057
List the prime factors of 2837.
2837
List the prime factors of 585.
3, 5, 13
List the prime factors of 414.
2, 3, 23
What are the prime factors of 2721?
3, 907
List the prime factors of 18633.
3, 6211
List the prime factors of 935.
5, 11, 17
List the prime factors of 32416.
2, 1013
What are the prime factors of 716?
2, 179
List the prime factors of 4673.
4673
List the prime factors of 42075.
3, 5, 11, 17
List the prime factors of 1182.
2, 3, 197
List the prime factors of 8933.
8933
What are the prime factors of 2585?
5, 11, 47
List the prime factors of 81366.
2, 3, 71, 191
List the prime factors of 13257.
3, 491
List the prime factors of 2561.
13, 197
What are the prime factors of 7684?
2, 17, 113
What are the prime factors of 38266?
2, 19, 53
What are the prime factors of 439?
439
List the prime factors of 1723.
1723
What are the prime factors of 484?
2, 11
List the prime factors of 1916.
2, 479
What are the prime factors of 3523?
13, 271
List the prime factors of 1850.
2, 5, 37
List the prime factors of 12048.
2, 3, 251
List the prime factors of 1434.
2, 3, 239
List the prime factors of 140400.
2, 3, 5, 13
What are the prime factors of 312?
2, 3, 13
List the prime factors of 415.
5, 83
What are the prime factors of 5749?
5749
What are the prime factors of 11939?
11939
What are the prime factors of 2348?
2, 587
What are the prime factors of 87487?
89, 983
What are the prime factors of 29782?
2, 14891
What are the prime factors of 654?
2, 3, 109
What are the prime factors of 587?
587
What are the prime factors of 4323?
3, 11, 131
What are the prime factors of 2877?
3, 7, 137
List the prime factors of 3948.
2, 3, 7, 47
What are the prime factors of 37915?
5, 7583
List the prime factors of 37967.
37967
What are the prime factors of 19399?
19, 1021
What are the prime factors of 5350?
2, 5, 107
What are the prime factors of 45434?
2, 22717
List the prime factors of 7474.
2, 37, 101
List the prime factors of 4651.
4651
List the prime factors of 487.
487
List the prime factors of 1959.
3, 653
List the prime factors of 1506.
2, 3, 251
List the prime factors of 25771.
25771
What are the prime factors of 284?
2, 71
What are the prime factors of 1446?
2, 3, 241
What are the prime factors of 5942?
2, 2971
List the prime factors of 175.
5, 7
What are the prime factors of 922?
2, 461
What are the prime factors of 165062?
2, 82531
What are the prime factors of 47652?
2, 3, 11, 19
What are the prime factors of 49095?
3, 5, 1091
What are the prime factors of 7523?
7523
List the prime factors of 124794.
2, 3, 2311
What are the prime factors of 49849?
79, 631
What are the prime factors of 305?
5, 61
What are the prime factors of 452?
2, 113
List the prime factors of 3140.
2, 5, 157
List the prime factors of 1855.
5, 7, 53
What are the prime factors of 922?
2, 461
What are the prime factors of 8427?
3, 53
What are the prime factors of 2704?
2, 13
List the prime factors of 2465.
5, 17, 29
What are the prime factors of 3355?
5, 11, 61
List the prime factors of 8846.
2, 4423
What are the prime factors of 137525?
5, 5501
What are the prime factors of 1460?
2, 5, 73
List the prime factors of 1501.
19, 79
List the prime factors of 6726.
2, 3, 19, 59
What are the prime factors of 794?
2, 397
What are the prime factors of 42937?
42937
List the prime factors of 6309.
3, 701
List the prime factors of 848.
2, 53
What are the prime factors of 37858?
2, 23, 823
What are the prime factors of 3313?
3313
List the prime factors of 16847.
17, 991
List the prime factors of 407.
11, 37
List the prime factors of 28896.
2, 3, 7, 43
List the prime factors of 5737.
5737
What are the prime factors of 16389?
3, 607
List the prime factors of 50034.
2, 3, 31, 269
List the prime factors of 22738.
2, 11369
What are the prime factors of 7859?
29, 271
What are the prime factors of 24712?
2, 3089
What are the prime factors of 6334?
2, 3167
List the prime factors of 49067.
139, 353
List the prime factors of 76396.
2, 71, 269
What are the prime factors of 3115?
5, 7, 89
List the prime factors of 466